 is divided by p(0).
21
Let u(n) = 9*n + 6. Let r be u(14). Suppose 3*y = 4*d - 0 + r, d = 0. Suppose 0 = -5*f - 25, 6*z + 5*f - 55 = z. What is the remainder when y is divided by z?
12
Suppose -i + 3*y = -6*i + 20693, -i - 2*y = -4147. Calculate the remainder when i is divided by 22.
21
Let r(g) be the third derivative of g**4/24 - g**3/3 - 9*g**2. Calculate the remainder when 14 is divided by r(7).
4
Suppose 3*m = -6*p - 9, 5*m - 4*p - 68 = -13. Calculate the remainder when 1262 is divided by m.
2
Let d(y) = -y**2 - 48*y - 130. Let a be d(-45). What is the remainder when 47 is divided by (-7)/3*(a + -2)*-1?
5
Let p = -45 - -11. Suppose 3227 - 352 = 25*k. Let h = k + p. Calculate the remainder when h is divided by 21.
18
Let u = -308 - -310. Suppose -5*i = -z + 54, -137 - 97 = -4*z + u*i. What is the remainder when z is divided by 12?
11
Let n = 104 + 253. Suppose 2*j - 6*u = -2*u + 150, 4*u = 5*j - n. Calculate the remainder when 205 is divided by j.
67
Suppose j = -3, 17*j - 16*j = b - 319. What is the remainder when b is divided by 54?
46
What is the remainder when 3526 is divided by (-55 + -12)/((3*-1)/(-17 + 20))?
42
Let k(y) = 37*y**2 - 79*y - 241. What is the remainder when 1331 is divided by k(-3)?
15
Let f(g) = -2*g**3 + 57*g**2 + 30*g + 27. What is the remainder when 437 is divided by f(29)?
45
Let i(f) be the first derivative of 23*f**3/6 + 15*f**2 - 14*f - 23. Let y(k) be the first derivative of i(k). What is the remainder when y(7) is divided by 32?
31
Let r(m) = m**3 + 4*m**2 - 18*m + 1. Let b be r(-6). Suppose b*j - 578 = 3*j. Calculate the remainder when 32/(-2*1/(-2)) is divided by j.
15
Let j(y) = 18*y - 293. Let i(v) = v. Let c(d) = 2*i(d) - j(d). Calculate the remainder when c(16) is divided by 5.
2
Let i(d) = -14*d - 223. What is the remainder when i(-26) is divided by 90?
51
Suppose -4*s = -10*s - 168. Let y(v) = 2*v**2 + 22*v + 3. Let h be y(-9). Let p = s - h. Calculate the remainder when 8 is divided by p.
3
Let n(t) = -t**3 + 5*t**2 - 3*t. Let p be n(3). Suppose -32 = p*x - 10*x. Calculate the remainder when 123 is divided by x.
27
Let s = -781 - -813. Let d = 116 - 55. Calculate the remainder when d is divided by s.
29
Let s = -30 - -61. Let z(f) = 6*f - 7. Let t be z(3). Suppose 5*y + 3*u - 95 = 0, 33 = -t*y + 14*y - 3*u. What is the remainder when s is divided by y?
15
Let j(x) = 91*x**2 + 3*x + 7. Let k be j(3). Let t = k + -797. What is the remainder when 131 is divided by t?
17
Suppose 5*w = w + 416. Let q = 15415 - 15362. What is the remainder when w is divided by q?
51
Suppose -1023*m + 25970 = -2674. What is the remainder when 144*(2/(-4) - -1) is divided by m?
16
Let d(t) = -t**3 + 12*t**2 - t + 78. Calculate the remainder when 332 is divided by d(9).
20
Calculate the remainder when (135/36 - -5)/(4/896) is divided by 16.
8
Let d(l) = -22*l**3 + l**2 - l - 2. Let z = 16 - 11. Suppose 0 = 3*f + 2*f + z*q - 5, q + 11 = f. What is the remainder when d(-1) is divided by f?
4
Let u(j) = -7*j**2 + 300*j + 233. What is the remainder when 737 is divided by u(43)?
167
Let c = -30 - -32. Suppose -5*k = -38 - c. Let j = -50 + 79. What is the remainder when j is divided by k?
5
Suppose -2*b - 396*q + 392*q = -84, 4*q - 162 = -5*b. Calculate the remainder when 2079 is divided by b.
25
Let n = -9125 + 9231. What is the remainder when 757 is divided by n?
15
Let a be 2/7 + 4/(-14). Suppose -15*b + 14*b + 7 = 0. Suppose -b*k + 14*k - 175 = a. Calculate the remainder when 74 is divided by k.
24
Suppose 103*r - 10 = 108*r. What is the remainder when 29/(116/(-24)) - 596/r is divided by 21?
19
Let j = 291 - 279. Let h be 8 - 8 - 1*-51. Let i = h + -31. Calculate the remainder when i is divided by j.
8
Suppose -881*k = -886*k + 15. Suppose 0 = 4*f - k*u - 174, 25*f - 29*f - 5*u + 190 = 0. What is the remainder when f is divided by 3?
0
Suppose 0 = 4*h - 2 - 14. What is the remainder when 38 + h/20*0 is divided by 15?
8
Suppose 2*h = 0, -112*q = -111*q + 4*h - 303. What is the remainder when 736 is divided by q?
130
Let k = 74 - -53. Suppose 120 = 7*v + 43. Calculate the remainder when k is divided by v.
6
Let l(i) = 11*i**2 + i - 3. Suppose 0 = 8*j - 4 - 60. Suppose 0 = -j*c + 158 + 98. What is the remainder when l(-3) is divided by c?
29
Let v = -119737 + 119755. Suppose -4*k - 4 + 24 = 0, -100 = -3*o + k. Calculate the remainder when o is divided by v.
17
Let s(x) = 99*x + 2207. What is the remainder when 7944 is divided by s(-20)?
226
Let f(q) = -53*q**3 - q**2 + 7*q + 14. Let u be f(-3). Suppose 0 = 26*x - u - 171. What is the remainder when x is divided by 17?
10
Let q(s) = -524*s - 13770. Suppose -4*g - g + 84 = -4*o, 56 = 3*g - o. Calculate the remainder when q(-27) is divided by g.
18
Suppose 848 = -137*j + 145*j. What is the remainder when 326 is divided by j?
8
Suppose 0 = 4*u - 6*i - 2080, -8 = -47*i + 51*i. Calculate the remainder when u is divided by 37.
36
Let h(b) = 83*b - 7232. Calculate the remainder when h(115) is divided by 122.
117
Suppose -t + 8*x = 6*x - 31, 4*x + 120 = 4*t. What is the remainder when 237 is divided by t?
5
Suppose 5*c - 5*y - 25 = 0, y - 4*y - 7 = c. Suppose 6*i - 148 = -3*a + 7*i, 0 = 5*a - c*i - 245. What is the remainder when a is divided by 5?
1
Suppose 2*y = -3*y + 1195. Calculate the remainder when y is divided by 63.
50
Suppose 2*b - 5 = x, 3*x + 0*x - 3 = 0. What is the remainder when (-2)/3*27*b/(-6) is divided by 104/18 + 2/9?
3
Suppose -4*j = 2*m - 66, -234*j = -232*j - 2*m - 30. Calculate the remainder when 1592 is divided by j.
8
Suppose i + a = 40, 38*a = -3*i + 41*a + 132. Calculate the remainder when 9/(-6)*414/(-3) is divided by i.
39
Suppose -w = -0*w - 88. Suppose -w = j - 5*j. Calculate the remainder when ((-55)/(-44))/(-1 - 33/(-32)) is divided by j.
18
Let i(r) = 26*r**2 - 1270*r - 43. What is the remainder when 2900 is divided by i(49)?
146
Let k = -16227 + 16354. Calculate the remainder when 1269 is divided by k.
126
Suppose 4*u - 4*p - 76 = 0, -p - 1 + 4 = 0. Suppose -3*j = -g - 34, 3*j - g = g + 38. Calculate the remainder when -3*-93*j/45 is divided by u.
18
Let o(g) = -3*g + 9. Suppose -4*k - b + 1006 + 500 = 0, 0 = -k + 3*b + 370. Suppose -5*t + k = -3*t. What is the remainder when t is divided by o(-6)?
26
What is the remainder when 234 is divided by (8 + 152/(-24))/(1*2/30)?
9
Let q(k) = -k**2 - 48*k + 218. Suppose 0 = -s + 3*r + 7 + 38, 0 = -s + 4*r + 45. What is the remainder when s is divided by q(-52)?
5
Suppose 0 = 2*u + x - 54, 35 = 2*u - x - 19. Let k = -24 + u. Suppose -279 - 90 = -k*d. What is the remainder when d is divided by 42?
39
Let h(v) = -48*v - 12. Let l be h(-3). Let p = l + 73. Calculate the remainder when p is divided by 52.
49
Let g(t) = 71*t. Let s be 2/10 - 4609/(-55). Let c = s + -59. Calculate the remainder when g(1) is divided by c.
21
Let b(f) = 30*f**2 - 41*f + 4. Calculate the remainder when b(2) is divided by 28.
14
Suppose -5*f + 39 + 12 = -3*q, -4*f = -3*q - 42. Calculate the remainder when (3 - -1)*(23 + -13) is divided by f.
4
Let m(c) be the second derivative of c**3 - 48*c**2 - 2*c - 90. What is the remainder when 93 is divided by m(18)?
9
Suppose 0 = 2*r + 8, 3*r + 149 = -5*t + 267. Calculate the remainder when 761 is divided by t.
7
Let q = -12 - -141. Let o = -110 + q. Let l = -23 + 33. What is the remainder when o is divided by l?
9
Let n(c) = -3*c + 1. Let q(b) = 7*b - 448. Let l(t) = -2*n(t) + q(t). Calculate the remainder when 142 is divided by l(36).
16
Suppose 170*u - 54468 = -34*u. What is the remainder when 819 is divided by u?
18
Let f(i) = -i**2 - 15*i + 128. Suppose n + 0 + 20 = 0. What is the remainder when 75 is divided by f(n)?
19
Let f(j) be the third derivative of -j**6/120 - j**5/20 - j**4/8 + j**3/6 + 7*j**2. Let v be f(3). What is the remainder when (-1 + 0)/(2/v) is divided by 17?
14
Suppose -24*m + 57*m - 28545 = 0. Calculate the remainder when m is divided by 175.
165
Suppose -570 = -2*g - 2*o, -22*o + 21*o - 1150 = -4*g. Calculate the remainder when g is divided by 21.
14
Suppose -108*r + 145812 = -839930 - 199126. Calculate the remainder when r is divided by 62.
59
Let m be (-4)/(-6) - (-1246)/21. Let i = 59 + -46. Calculate the remainder when (m/(-14))/(2/(-42)) is divided by i.
12
Let y 